 = 2*l, -14 = -3*h - 5*l - k. What is the remainder when z is divided by h?
7
Let n = 726 + -703. What is the remainder when 142 is divided by n?
4
Let k(t) = 143*t**3 + 17*t**2 + 10*t**2 + 60 + 27*t - 142*t**3. What is the remainder when 132 is divided by k(-26)?
30
Let u = -367 - -194. Let f = -112 - u. What is the remainder when f is divided by 8?
5
Suppose 212*a + 4389 = 219*a. What is the remainder when a is divided by 21?
18
Let m(k) = 8*k - 14. Suppose -2*v = 4*i - 40, -i + 0*i = -2*v - 20. Let x = -4 + i. Calculate the remainder when m(x) is divided by 13.
11
Suppose -125 = -5*b - 2*v, 2*v = -3*b - 0*v + 71. Let y = -15 + b. Suppose 0 = -10*w + 11*w - 21. What is the remainder when w is divided by y?
9
Let x be 31 - (-1)/((-3)/12). What is the remainder when 51 is divided by x/((-42)/12 - -5)?
15
Let g = -249 - -275. What is the remainder when 170 is divided by g?
14
Suppose -826 = -51*r + 2693. Calculate the remainder when 251 is divided by r.
44
What is the remainder when 192 is divided by (25 - 12)/((-1)/(-5) + 0)?
62
Suppose 2*y + 3*y = 0. Suppose y = 3*g + 5*l - 29, 5*g - 38 = -0*l + 2*l. Suppose -3*w - 50 = -g*w. Calculate the remainder when 18 is divided by w.
8
Let l = 100 + -79. What is the remainder when 174 is divided by l?
6
Suppose 590 - 110 = 60*k. Suppose 2*g = 4*z - 3*z + 47, -4*g - z = -85. What is the remainder when g is divided by k?
6
Let t = 748 - 443. Calculate the remainder when t is divided by 9.
8
Suppose -f = -b - 130, 0*b + 5*b = 2*f - 272. Calculate the remainder when f is divided by 44.
38
Suppose 5 = 4*t - 99. What is the remainder when 519 is divided by t?
25
Let c be (4 - 2) + (0 - 0). Suppose -68 + 70 = 2*b. What is the remainder when c + b + -2 - -41 is divided by 15?
12
Let b(o) = o + 2. Let k be (9 - 2) + 2/(-2). Calculate the remainder when 13 is divided by b(k).
5
Suppose 3*z = 4*f - 207, 0*z = -2*f - z + 101. What is the remainder when 201 is divided by f?
48
Calculate the remainder when (-2)/(-9) + 17925/135 + -6 is divided by 57.
13
Let s be (1*422)/(-6 - (-5 - -1)). Let z = s - -304. What is the remainder when z is divided by 19?
17
What is the remainder when 44 is divided by (-1)/(-5)*(-8 + 163)?
13
Let p be 4/(-10) + 81/15. Let x(g) = 6 - 1 - 5*g + 4*g + p. What is the remainder when 59 is divided by x(-10)?
19
Suppose -6*n = -3*n - 3. Let x be 5317/52 - n/4. What is the remainder when 88 is divided by 0 + 1 + x/6?
16
Let h(t) = t**2 + 5*t - 13. What is the remainder when ((-16)/(-6))/(-2)*-48 is divided by h(-8)?
9
Suppose 0 = 7*m - 291 + 137. What is the remainder when 263 is divided by m?
21
Suppose -27*m + 2982 = 15*m. What is the remainder when m is divided by 37?
34
Let f(h) = -6*h - 4. What is the remainder when f(-6) is divided by (11/44 + -2)*-4?
4
Let r = 334 - 284. Calculate the remainder when 135 is divided by r.
35
Suppose n - 68 = -3*t, 32*n - 38 = -3*t + 37*n. What is the remainder when 396 is divided by t?
18
Suppose -5*y + 6 = -4*o - 9, -3*o + 3 = y. Suppose o = h + h + 10. Calculate the remainder when (h - -10)/(1/11) is divided by 28.
27
Let r be (-14)/91 - 56/(-26) - 11. Let o(v) = -11*v - 55. What is the remainder when o(r) is divided by 8?
4
Suppose -23*f = -7*f - 3904. Calculate the remainder when f is divided by 52.
36
Suppose -14*w = -72*w + 14906. Calculate the remainder when w is divided by 53.
45
Suppose 0 = 5*w - 16 - 49. Let u = w + -5. Calculate the remainder when 37 is divided by u + -2 + (5 - 1).
7
Suppose -172*f + 530 = -167*f. Calculate the remainder when f is divided by 11.
7
Suppose -630 = 9*u - 9. Let k = u - -101. What is the remainder when 125 is divided by k?
29
Suppose -5*h + 551 = 151. Calculate the remainder when h is divided by 29.
22
Let w(z) = z**2 + 7*z - 10. Let p(m) = m**3 + 2*m**2 - 4*m + 2. Let a be p(2). Suppose n - a = 2. What is the remainder when w(-11) is divided by n?
10
Calculate the remainder when (-1)/(-2)*(-7888)/(-29) is divided by 82.
54
Suppose 11*w - 4*p - 69 = -8*p, 5*w = -p + 33. Calculate the remainder when 321 is divided by w.
6
Suppose -16*w = 2 - 18. Calculate the remainder when 62 is divided by 2 - w - 28/12*-9.
18
Let s(a) = -a + 38. Calculate the remainder when s(-18) is divided by 19.
18
Let l(c) = 3*c - 17. Calculate the remainder when -38*(10/(-4) + (-14)/(-28)) is divided by l(10).
11
What is the remainder when 53 is divided by 33/(-22)*(-16)/6?
1
Let a = 35 - 37. What is the remainder when 24 is divided by 15/(1/1) + a?
11
Suppose -2 = 2*q - 3*q, 3*w + 4*q = -241. Calculate the remainder when (-5 + 2)*w/3 is divided by 12.
11
Let o(x) = 4*x**3 + 5*x - 2. Let g(t) = -7*t**3 - t**2 - 10*t + 3. Let c(y) = 3*g(y) + 5*o(y). Calculate the remainder when c(-3) is divided by 3.
2
What is the remainder when 561 is divided by (10 + -2)*(-9)/(-6)?
9
Let p(c) = -28*c - 22. What is the remainder when 120 is divided by p(-3)?
58
Suppose -9 = 3*r, -3*i + r + 63 = 2*r. Suppose 5*w - 53 = -4*x, x - 11 = -0*w + w. Calculate the remainder when i is divided by x.
10
Let q(r) = r**3 - 6*r**2 - 6*r - 8. Let x be q(7). Calculate the remainder when (-1)/(-2 + x)*177 is divided by -3*14/63 - 124/(-6).
19
Suppose 4*n - 16 = 0, n - 80 = -3*c + 188. Calculate the remainder when c is divided by 50.
38
Suppose 3903 = 2*v - 3*z, -2*v - 3*z - 1022 + 4943 = 0. What is the remainder when v is divided by 11?
9
Suppose -4*a + 151 = 4*p - 77, 0 = -5*p - a + 305. Let q(l) = 49*l + 1. Let t be q(1). Suppose 5*o = t + 30. What is the remainder when p is divided by o?
14
Let w(b) = -34*b + 157. What is the remainder when 1531 is divided by w(4)?
19
Let z = -77 - -146. Suppose 4*m + 3*a - z = 0, -a + 0 = 1. Calculate the remainder when m is divided by 5.
3
Suppose 8*s - 63 = -s. Let y(h) = 5*h**2 + 4*h + 12. What is the remainder when y(-4) is divided by s?
6
Suppose -82 = -5*g + 33. Suppose -m - 270 = -0*f - 2*f, -5*m - 10 = 0. What is the remainder when f is divided by g?
19
Let j(q) be the second derivative of 5*q**2 + 1/6*q**3 + q + 0. Calculate the remainder when 10 is divided by j(-6).
2
Let u(s) = -11*s - 7. Let i = -17 - -9. Calculate the remainder when u(i) is divided by (3 - 1)/((-8)/(-84)).
18
Suppose p = 1 + 1. Suppose -3*b = p*y - 138, 2*b = y - 3*y + 92. Calculate the remainder when b is divided by 24.
22
Let d = -152 - -168. Calculate the remainder when 30 is divided by d.
14
Let t = 53 - -24. Let r(q) = 61*q + 569. Calculate the remainder when t is divided by r(-9).
17
Suppose -m + 129 = 12*k - 10*k, 0 = -k - 5*m + 51. Calculate the remainder when k is divided by 36.
30
Let r be (-6)/10 + 224/40. Suppose z - r*a = 138, -z + 3*a - 14 = -144. Let j = 180 - z. Calculate the remainder when j is divided by 16.
14
Suppose 0 = 13*u - 15*u - 8. Calculate the remainder when 60 is divided by (128/(-2))/((u - -2) + 0).
28
Suppose 0 = 2*g - 22 - 4. Suppose 3*c = -0*c + 60. Calculate the remainder when c is divided by g.
7
Suppose 41*p - 6*p = 980. What is the remainder when 138 is divided by p?
26
Let b be (-4 + (-148)/(-32))*8. Suppose -5*z + 260 = -b*s, 5*z + 2*s + 3*s = 210. Calculate the remainder when z is divided by 16.
15
Let k be (-4 + 4 - -28) + -3. Let a = 58 - k. Calculate the remainder when 98 is divided by a.
32
Let j = 82 + -119. Let c = 47 + j. Calculate the remainder when c is divided by 6.
4
Let w(z) = -20*z + 128. What is the remainder when 17 is divided by w(6)?
1
Let o(r) = r**2 + 3*r + 5. Let t be o(-6). Suppose 0 = -t*m + 26*m - 99. What is the remainder when m is divided by 9?
6
Let y be ((-50)/5)/5 - -93. Let g = -65 + y. Let j = g + -19. Calculate the remainder when 34 is divided by j.
6
Let y be ((-5)/10)/(1/(-4)). Suppose 0*r + 36 = r - f, 0 = -y*r - 5*f + 86. Calculate the remainder when r is divided by 10.
8
Suppose 2*g + 5*a = 160, -80 = -2*g + g - 3*a. Let p = 144 + -116. What is the remainder when g is divided by p?
24
Let d(v) = -7*v - 12. Let b(m) = 7*m + 13. Let n(j) = -4*b(j) - 5*d(j). What is the remainder when 144 is divided by n(3)?
28
Let x = 255 - 228. What is the remainder when 43 is divided by x?
16
Let o = 247 - 238. What is the remainder when 86 is divided by o?
5
Let w be 14*(-2)/(-2) + 0. Suppose -2*x = y - 37, x + 70 = 2*y - w. Calculate the remainder when y is divided by 22.
19
Let d = 414 + -209. 